mposite number?
False
Is 8677951 a prime number?
True
Is 150165929 composite?
False
Is 6540577 a prime number?
False
Is 42725569 prime?
False
Is 15212233 a composite number?
True
Is 155591537 a prime number?
True
Is 93131851 a prime number?
False
Is 57465951 prime?
False
Is 1327987 a composite number?
False
Is 5571623 prime?
True
Is 94919711 composite?
False
Is 70668021 prime?
False
Is 1014070409 prime?
False
Is 54476011 composite?
False
Is 9495701 composite?
False
Is 24313501 prime?
False
Is 667171 a composite number?
False
Is 13618493 a composite number?
True
Is 11894363 a composite number?
True
Is 2184877 composite?
False
Is 18992657 a composite number?
False
Is 2124973 prime?
True
Is 2067187 prime?
True
Is 661313 a composite number?
True
Is 482459 prime?
False
Is 26821 a prime number?
True
Is 112771 a composite number?
False
Is 7603931 prime?
True
Is 6798959 a composite number?
True
Is 4239671 a composite number?
True
Is 949284799 a prime number?
True
Is 68903627 composite?
True
Is 6295594 a prime number?
False
Is 32005871 a prime number?
False
Is 224375057 composite?
False
Is 1268469695 composite?
True
Is 35463583 a prime number?
True
Is 25255283 a composite number?
False
Is 11791987 prime?
True
Is 52286051 prime?
True
Is 120023201 a prime number?
True
Is 2384637 a composite number?
True
Is 33015061 a composite number?
True
Is 38478203 a composite number?
False
Is 4705259 prime?
False
Is 49625939 prime?
False
Is 46067503 a prime number?
True
Is 223521079 a prime number?
True
Is 179454239 a prime number?
True
Is 2388929 composite?
False
Is 10870603 a prime number?
False
Is 5294713 prime?
True
Is 1935847 a composite number?
False
Is 3339211 a composite number?
True
Is 31495265 prime?
False
Is 9374983 prime?
True
Is 10569095 composite?
True
Is 19448927 a prime number?
True
Is 2389403 prime?
True
Is 29757491 a prime number?
False
Is 5540987 a composite number?
True
Is 390271559 a composite number?
False
Is 48509579 prime?
False
Is 259991 composite?
False
Is 51819997 a prime number?
True
Is 1246057 composite?
False
Is 145305791 prime?
True
Is 12511978 a composite number?
True
Is 1147561 prime?
True
Is 59866487 a prime number?
False
Is 9341638 a composite number?
True
Is 14448221 a composite number?
False
Is 10379483 composite?
False
Is 3503173 a prime number?
False
Is 56845157 composite?
False
Is 1512001 a composite number?
True
Is 238417 a prime number?
True
Is 458184751 composite?
False
Is 2077121 a prime number?
True
Is 2016303193 a prime number?
True
Is 1679010011 prime?
False
Is 28465499 prime?
True
Is 4286537 a prime number?
True
Is 2042449 prime?
True
Is 72947939 prime?
False
Is 847237 a composite number?
False
Is 274151653 a prime number?
True
Is 157751809 a composite number?
False
Is 5371727 a composite number?
False
Is 2842013 prime?
False
Is 275743 composite?
True
Is 369679 a composite number?
True
Is 154480345 prime?
False
Is 15275891 composite?
False
Is 5496901 a composite number?
True
Is 4457507 composite?
False
Is 602731901 composite?
True
Is 11943511 a prime number?
True
Is 213089 composite?
True
Is 13651849 prime?
False
Is 18718247 prime?
True
Is 292700787 a composite number?
True
Is 56907593 prime?
False
Is 277818941 a composite number?
False
Is 237857173 prime?
True
Is 395195971 a prime number?
False
Is 8179267 prime?
False
Is 615071 composite?
True
Is 303403 a prime number?
False
Is 35316103 prime?
False
Is 2645203 a prime number?
False
Is 938335943 composite?
True
Is 16327581 a prime number?
False
Is 46855813 a composite number?
False
Is 471641083 composite?
True
Is 53436989 a prime number?
False
Is 432805487 a prime number?
False
Is 70261921 a prime number?
False
Is 203502709 a prime number?
False
Is 10624721 a composite number?
False
Is 8094661 a prime number?
False
Is 65014139 prime?
True
Is 2485607 prime?
True
Is 38185619 prime?
True
Is 521554759 composite?
True
Is 10841513 a composite number?
False
Is 1589501 prime?
True
Is 49999423 a composite number?
False
Is 493833157 a prime number?
True
Is 8784221 prime?
True
Is 2685103 prime?
False
Is 124109 a composite number?
True
Is 53548001 prime?
False
Is 4794239 composite?
False
Is 45206813 a composite number?
True
Is 14126093 a prime number?
True
Is 67375949 composite?
True
Is 47081707 composite?
True
Is 99228299 a composite number?
False
Is 1801403 prime?
True
Is 36601693 composite?
True
Is 93576139 prime?
True
Is 6590411 a composite number?
True
Is 610721 a prime number?
True
Is 12740421 prime?
False
Is 277623491 prime?
False
Is 85020659 a prime number?
True
Is 11830043 a composite number?
False
Is 406530989 composite?
False
Is 4271207 composite?
True
Is 16972931 prime?
True
Is 4375621 composite?
False
Is 31035289 composite?
True
Is 1204207 composite?
False
Is 3301613 prime?
False
Is 1264979669 composite?
False
Is 119844619 a prime number?
True
Is 120495407 prime?
True
Is 148032691 composite?
False
Is 1127842307 prime?
True
Is 321030013 composite?
False
Is 8383709 a prime number?
True
Is 4817843 composite?
True
Is 296112907 prime?
True
Is 4997171 composite?
True
Is 64053217 a prime number?
True
Is 33945209 composite?
True
Is 312140363 composite?
False
Is 3304409 a prime number?
False
Is 1643123 a prime number?
True
Is 239735719 a composite number?
False
Is 6247883 a composite number?
True
Is 541181 prime?
True
Is 44286157 a prime number?
False
Is 3058015 prime?
False
Is 724721 prime?
True
Is 2844691 a prime number?
True
Is 25560847 a prime number?
False
Is 1806919 prime?
False
Is 100981801 a composite number?
True
Is 161476157 a composite number?
False
Is 80335083 prime?
False
Is 9598451 prime?
True
Is 63357887 a prime number?
False
Is 124342427 prime?
False
Is 7047823 composite?
False
Is 10090889 a composite number?
False
Is 7816139 a prime number?
False
Is 31191499 a composite number?
False
Is 74820611 prime?
True
Is 1893183 a composite number?
True
Is 1281334 a composite number?
True
Is 2254403 prime?
True
Is 551974447 a prime number?
False
Is 566033 composite?
True
Is 216670297 a prime number?
True
Is 36005087 prime?
True
Is 76241463 a prime number?
False
Is 158386627 a composite number?
True
Is 9287413 a prime number?
True
Is 2033207 a prime number?
False
Is 23813143 a composite number?
False
Is 185517173 composite?
False
Is 25376341 a prime number?
False
Is 71620495 composite?
True
Is 148028599 composite?
False
Is 2625929 a composite number?
False
Is 4716041 a composite number?
True
Is 2176003 prime?
False
Is 7406291 prime?
True
Is 1306309 a composite number?
True
Is 328711169 a composite number?
True
Is 17073929 prime?
False
Is 35838673 prime?
False
Is 11598887 a composite number?
False
Is 5698517 composite?
True
Is 2988151 prime?
True
Is 2472203 prime?
True
Is 3450185 a composite number?
True
Is 732709 a prime number?
True
Is 57369541 composite?
False
Is 253361 a prime number?
True
Is 96769723 a composite number?
True
Is 165020873 a composite number?
False
Is 10269187 a composite number?
False
Is 30465011 a composite number?
False
Is 11265671 prime?
True
Is 151693811 prime?
True
Is 1781098689 a prime number?
False
Is 1399501 prime?
False
Is 45929 a composite number?
True
Is 3530023 prime?
False
Is 9543403 prime?
True
Is 11162773 composite?
False
Is 4744897 composite?
False
Is 1161374 composite?
True
Is 13620007 composite?
False
Is 59868209 a prime number?
False
Is 265843163 composite?
False
Is 103217 composite?
False
Is 52625173 a prime number?
False
Is 189213659 a composite number?
False
Is 4171291 composite?
True
Is 1749731 composite?
False
Is 1605301 prime?
False
Is 6127273 a composite number?
False
Is 10934543 a prime number?
False
Is 20847017 composite?
False
Is 7786663 a prime number?
False
Is 24502529 composite?
False
Is 26789183 a composite number?
True
Is 2883697 a composite number?
False
Is 113149019 a prime number?
True
Is 1152191 composite?
True
Is 2317619 a prime number?
True
Is 25696597 prime?
True
Is 283553551 a composite number?
True
Is 972070891 a composite number?
True
Is 261267191 prime?
False
Is 232177289 a prime number?
True
Is 116491321 composite?
False
Is 32806421 prime?
False
Is 18559717 a prime number?
False
Is 2536763 a composite number?
False
Is 180838853 a prime number?
False
Is 1147107693 prime?
False
Is 288647 composite?
False
